e
Is 1413069 a multiple of 10?
False
Is 397 a factor of 8053939?
True
Is 19106603 a multiple of 14?
False
Is 36 a factor of 533652120?
True
Is 45 a factor of 59051319?
False
Is 18934750 a multiple of 185?
True
Is 123 a factor of 236506252?
False
Is 24623036 a multiple of 389?
False
Is 95 a factor of 57091219?
False
Is 2576739803 a multiple of 42?
False
Is 108160560 a multiple of 40?
True
Is 1800 a factor of 130760729?
False
Is 104706483 a multiple of 447?
False
Is 61 a factor of 2132898?
False
Is 302 a factor of 359973430?
True
Is 181573230 a multiple of 1590?
True
Is 2688 a factor of 2938537728?
True
Does 300 divide 26457900?
True
Is 209216131 a multiple of 43?
False
Is 74689185 a multiple of 35?
False
Is 248116758 a multiple of 6?
True
Is 557 a factor of 11987197?
True
Does 646 divide 68016694?
True
Does 165 divide 4398584?
False
Is 197478036 a multiple of 294?
True
Does 2471 divide 419284222?
True
Is 146 a factor of 80204954?
True
Is 14797941 a multiple of 175?
False
Is 20 a factor of 382098360?
True
Is 117541357 a multiple of 3400?
False
Does 302 divide 161316018?
True
Is 4 a factor of 127309133?
False
Does 13 divide 8471932157?
True
Does 102 divide 54509208?
True
Is 246031010 a multiple of 4726?
False
Is 161 a factor of 26237928?
False
Is 813349746 a multiple of 66?
True
Is 32159138 a multiple of 2057?
True
Is 462688092 a multiple of 1431?
True
Does 36 divide 2970254932?
False
Is 142 a factor of 47368608?
False
Does 47 divide 60132128?
False
Does 344 divide 56830199?
False
Does 4 divide 649934?
False
Is 166880658 a multiple of 13?
False
Is 3684 a factor of 180073852?
False
Does 40 divide 4965479?
False
Is 42684807 a multiple of 25?
False
Does 26 divide 229008567?
False
Is 131132125 a multiple of 126?
False
Does 2517 divide 33906507?
True
Is 10249904 a multiple of 346?
True
Is 118 a factor of 24855646?
False
Is 305 a factor of 147224110?
True
Is 30670488 a multiple of 18?
True
Is 1895875115 a multiple of 1068?
False
Does 493 divide 420322433?
True
Is 220 a factor of 5384571060?
True
Is 73427476 a multiple of 10?
False
Is 40122096 a multiple of 48?
True
Does 298 divide 31618694?
True
Is 808 a factor of 501048880?
True
Does 152 divide 354171400?
True
Is 303 a factor of 5911946?
False
Is 691738656 a multiple of 292?
True
Does 3 divide 6430022?
False
Does 36 divide 102980114?
False
Is 18 a factor of 6896686?
False
Is 14068488 a multiple of 42?
True
Does 1394 divide 6161480?
True
Is 77 a factor of 97026314?
True
Does 42 divide 17446532?
False
Is 10997 a factor of 1813064393?
True
Is 1014537807 a multiple of 250?
False
Is 40538982 a multiple of 30?
False
Does 2816 divide 204230737?
False
Does 6560 divide 3372482880?
True
Does 1394 divide 195888465?
False
Is 20 a factor of 8352097?
False
Is 102624265 a multiple of 3?
False
Is 99482427 a multiple of 9?
True
Is 514222950 a multiple of 3463?
False
Is 37806709 a multiple of 14?
False
Does 7 divide 1227816667?
True
Is 41495360 a multiple of 47?
True
Does 42 divide 142989336?
True
Is 291 a factor of 29763480?
True
Is 1248 a factor of 1497596256?
True
Is 2294133322 a multiple of 22?
False
Is 8 a factor of 17330547?
False
Does 910 divide 74800180?
True
Does 814 divide 68691884?
False
Is 236970352 a multiple of 1560?
False
Does 30 divide 29299392?
False
Is 345053002 a multiple of 204?
False
Is 692377325 a multiple of 3480?
False
Is 393 a factor of 60247724?
False
Does 208 divide 4804954?
False
Is 8 a factor of 258709728?
True
Is 18887249 a multiple of 671?
False
Is 232513955 a multiple of 117?
False
Is 33300074 a multiple of 173?
False
Is 460330446 a multiple of 604?
False
Is 53388295 a multiple of 5?
True
Is 262 a factor of 20217832?
False
Does 447 divide 4618122?
False
Does 5774 divide 474853760?
True
Does 76 divide 240453445?
False
Does 80 divide 479175766?
False
Is 7451 a factor of 681088546?
False
Is 22 a factor of 149556803?
False
Is 28 a factor of 158825548?
True
Is 611 a factor of 14192636?
False
Does 19 divide 1328670?
True
Does 45 divide 381635595?
True
Is 1481 a factor of 25292518?
True
Is 191232242 a multiple of 12?
False
Is 377773210 a multiple of 15?
False
Is 1523 a factor of 82957810?
True
Does 67 divide 616772952?
False
Does 4 divide 38578228?
True
Is 171 a factor of 24537151?
False
Is 49186692 a multiple of 58?
False
Is 19 a factor of 295058907?
False
Is 200 a factor of 31361800?
True
Is 18166932 a multiple of 12?
True
Does 20 divide 5836980?
True
Is 228 a factor of 408627528?
True
Does 504 divide 13136482?
False
Is 481 a factor of 241015151?
True
Does 163 divide 364074844?
True
Does 60 divide 28169640?
True
Does 352 divide 376345728?
True
Does 613 divide 150939111?
False
Is 205510580 a multiple of 10?
True
Does 24 divide 13698277?
False
Is 3166 a factor of 1078776708?
False
Is 632032617 a multiple of 23?
True
Is 116814809 a multiple of 71?
True
Is 61533354 a multiple of 534?
True
Does 6339 divide 167557698?
False
Is 843 a factor of 38843754?
True
Does 1058 divide 491328852?
True
Does 546 divide 29123106?
False
Does 8 divide 312087331?
False
Is 37196226 a multiple of 1188?
False
Is 297576200 a multiple of 314?
False
Is 713272650 a multiple of 482?
False
Is 905826339 a multiple of 55?
False
Is 50271760 a multiple of 770?
True
Does 2176 divide 466900142?
False
Is 14 a factor of 1316648102?
True
Is 30767479 a multiple of 120?
False
Is 364641070 a multiple of 21?
False
Is 166350351 a multiple of 513?
False
Does 110 divide 31761710?
False
Does 16 divide 23359744?
True
Does 630 divide 48373058?
False
Is 2424 a factor of 373065982?
False
Does 9 divide 7831197?
True
Is 1685 a factor of 95851225?
True
Is 24 a factor of 4407466?
False
Is 55251793 a multiple of 819?
False
Does 13 divide 383842355?
True
Is 695549473 a multiple of 8?
False
Is 639802770 a multiple of 2318?
True
Is 392883806 a multiple of 371?
True
Is 414 a factor of 195322417?
False
Does 63 divide 2361744?
True
Is 1710 a factor of 16178310?
True
Is 6981 a factor of 743595083?
False
Is 42331322 a multiple of 10?
False
Is 11 a factor of 192308798?
True
Is 16973584 a multiple of 8?
True
Is 10 a factor of 27840872?
False
Is 77682098 a multiple of 24?
False
Does 2947 divide 209708520?
True
Is 13 a factor of 762086369?
False
Is 4399 a factor of 342680372?
False
Does 161 divide 43192439?
False
Is 1599113568 a multiple of 34?
True
Is 192874136 a multiple of 299?
True
Does 100 divide 14602900?
True
Does 7 divide 15561576?
False
Is 10161 a factor of 1366888203?
True
Does 626 divide 334137474?
False
Is 23 a factor of 27111963?
True
Is 108 a factor of 3625539480?
True
Does 1714 divide 60759586?
True
Is 68739380 a multiple of 5?
True
Does 763 divide 28970347?
True
Is 6 a factor of 1370327277?
False
Is 70410960 a multiple of 114?
True
Is 1371907510 a multiple of 10565?
True
Is 8785810 a multiple of 242?
True
Does 449 divide 1424677?
True
Is 1926 a factor of 554662962?
True
Does 34 divide 17810090?
False
Is 1091 a factor of 49095990?
False
Is 4338 a factor of 1924293420?
True
Does 1377 divide 29145219?
False
Is 5640763 a multiple of 125?
False
Is 558099771 a multiple of 12?
False
Is 247089152 a multiple of 8?
True
Is 33062829 a multiple of 129?
True
Is 5821 a factor of 851686593?
False
Does 1711 divide 2865925?
True
Does 22 divide 171763851?
False
Is 2798322638 a multiple of 7367?
False
Is 1943 a factor of 33192269?
True
Does 534 divide 689815860?
True
Does 40 divide 96311120?
True
Is 561329650 a multiple of 35?
True
Does 18 divide 3052494?
True
Is 268852699 a multiple of 100?
False
Is 19 a factor of 276383015?
False
Is 18448544 a multiple of 1606?
False
Does 28 divide 83713196?
True
Is 682 a factor of 6962538?
True
Is 9 a factor of 95436987?
False
Is 253 a factor of 2623534606?
True
Is 1682 a factor of 958164756?
True
Is 211570454 a multiple of 533?
False
Does 20 divide 77093020?
True
Does 63 divide 319851?
True
Is 7 a factor of 48479264?
False
Does 14 divide 767004574?
True
Does 54 divide 333210186?
True
Is 73501973 a multiple of 14?
False
Is 73 a factor of 3124911?
True
Is 879 a factor of 24699332?
False
Does 36 divide 671979378?
False
Does 45 divide 1146279443?
False
Is 862 a factor of 32396546?
True
Is 4276065 a multiple of 12?
False
Does 13 divide 323830?
True
Does 586 divide 305933606?
True
Is 3 a factor of 69489?
True
Does 1428 divide 56